t**2 - 10*t + 2. Let j(c) = -2*c**3 - c**2 - c + 4. Calculate the remainder when j(-3) is divided by s(-8).
16
Let l be -1 - (-3 - -12)*-1. Suppose 0 = 2*q - 0*q + 3*x - l, -5*q = 4*x - 34. What is the remainder when 19 is divided by q?
9
Let m(i) = -i**3 + i**2 + 3*i + 1. Suppose -4*v - 74 = -2. Let a = v - -33. Calculate the remainder when m(-3) is divided by a.
13
Let y(x) = 2*x**2 + 4*x + 10. Let l be y(5). Let n = l + -57. What is the remainder when 91 is divided by n?
22
Calculate the remainder when 5 is divided by (0 - 1) + 3 + 1.
2
Calculate the remainder when -3 + 0 - (-55 - -5)*1 is divided by 24.
23
Calculate the remainder when 137 is divided by 1*((-12)/4)/((-6)/56).
25
Suppose 4*x + 41 = -5*o + 209, 8 = 4*x. Let u = o + -16. Calculate the remainder when 63 is divided by u.
15
Suppose -5*r + 47 = -83. Suppose r = f - 7. Calculate the remainder when f is divided by 17.
16
Let t = -88 + 62. Let z = -16 - -10. Calculate the remainder when 38 is divided by (z/(-12))/((-1)/t).
12
Suppose 2*o + 80 = f + f, 3*f + 4*o = 85. Let x(y) = -2*y**2 + 5*y - 2. Let p be x(3). What is the remainder when f/1 + p/5 is divided by 12?
10
Suppose -128 + 12 = 2*j. Let l = -30 - j. Suppose m = -r + 4*m + l, -r + 24 = -2*m. What is the remainder when 30 is divided by r?
14
Let s be (-10)/(-3) + (-2)/6. Suppose -36 = -s*r - r. What is the remainder when 17 is divided by r?
8
Suppose -3*y = -5*y. Let x(c) = -2*c + 3. Let b(h) = h - 1. Let l(d) = 5*b(d) + 3*x(d). What is the remainder when 7 is divided by l(y)?
3
Suppose -q + 4 = 3. What is the remainder when 51 is divided by q/(-1*(-2)/52)?
25
Let x(o) = -o**2 + 12*o - 8. Suppose -3*k - 2*k + 24 = p, -2*p - 2*k + 16 = 0. Calculate the remainder when p is divided by x(11).
1
Let w(t) = 2*t**3 - t**2 + t. Let p be w(1). Suppose n + p*n = 6. Calculate the remainder when n is divided by 1.
0
Suppose s - 3*d = -2, -4*d - 4 = -2*s + 4*s. Let u(o) = 2 - 9*o - 5 + 3*o. Calculate the remainder when 26 is divided by u(s).
8
Suppose -11*a = -16*a + 110. Calculate the remainder when 38 is divided by a.
16
Suppose -5*p = -5*r + 45, 3*r - 5*p - 3 = 20. Let m = 9 - 5. Let o = 11 - m. Calculate the remainder when r is divided by o.
4
Let j = 0 + 40. What is the remainder when j is divided by 42/(-9)*9/(-2)?
19
Calculate the remainder when (-28)/(-8)*(-752)/(-28) is divided by 19.
18
Let d be 4/(-8)*-6 - -2. Suppose 0 = -5*i - 2 - 3, -5*j + 155 = d*i. Calculate the remainder when 93 is divided by j.
29
Let p(g) = 4*g + 18. Calculate the remainder when p(5) is divided by 10.
8
Let d be (-4)/8*(0 + 0). Suppose -5*x + 2 - 17 = d. Calculate the remainder when (x/(-4))/((-2)/(-128)) is divided by 25.
23
Let m = -2 + 2. Suppose m = -w + 3*w - 70. Calculate the remainder when w is divided by 12.
11
Suppose 4*t = 5*z - 4 - 19, 5*t = 3*z - 19. Suppose 0 = -3*r + 2*g + 13, -z*r - 1 = 2*g + 3*g. Let v = r + 5. What is the remainder when 15 is divided by v?
7
Let s(b) = 21*b**3 - b. Let g be s(-1). Let u(d) = -d**3 - 2. Calculate the remainder when 3/(-2)*g/3 is divided by u(-2).
4
Let j be (6/(-4))/((-3)/(-8)). Let s = 7 + j. Calculate the remainder when s is divided by 2.
1
Let s(w) = 3*w**2 + 2*w - 1. What is the remainder when s(1) is divided by 3?
1
Suppose 0 = -2*u + h - 5*h + 16, -4*u + 32 = 5*h. What is the remainder when u is divided by 3?
2
Suppose r = -3*a + 44, 0*r - 79 = -2*r + 3*a. Calculate the remainder when r is divided by 24.
17
Let s(n) be the third derivative of -n**4/6 - n**3/2 + n**2. Calculate the remainder when 67 is divided by s(-5).
16
Suppose 7*f = 3*f + 16. Suppose -d + f + 13 = 0. What is the remainder when 65 is divided by d?
14
Suppose 3*d + 17 = -g, 0*g + 2*g = 3*d + 29. Calculate the remainder when 26 is divided by 2 + (-1)/(1/d).
8
Suppose -g + 50 = -27. What is the remainder when ((g - -1)/2)/1 is divided by 14?
11
Suppose 10*l = 272 - 52. Calculate the remainder when l is divided by 8.
6
Let t be 4/8*(9 + 1). Suppose -10 = -5*w + t*k, -w = -5*w - k + 8. What is the remainder when 2 is divided by w?
0
Let f = 6 - -10. Let n be (1 + 17)*-3*2. Let k = n - -154. What is the remainder when k is divided by f?
14
Suppose -4*a + 22 = -42. Suppose -5*b = g - 378, -4*b + g - 3*g = -300. Let p = -46 + b. What is the remainder when p is divided by a?
14
Suppose -779*u = -787*u + 40. Calculate the remainder when (-1)/(-4) + 51/4 is divided by u.
3
Let o = 19 + -13. Calculate the remainder when 9/((-54)/(-12)) + (7 - -1) is divided by o.
4
Let v(w) = w**2 + 7*w + 7. Let m be v(-5). Suppose 2*r - 19 = -d, 2*r + 4*d - 49 = -3*r. Calculate the remainder when 52/6*m/(-1) is divided by r.
8
Suppose n = 3*z - 19, -n + 5*z = -3*n - 49. Let b be (n/(-6) + -1)*6. Suppose -3*o - 4*m + 6*m + 32 = 0, b = -4*m. What is the remainder when o is divided by 5?
3
Let k be 1212/15 + 4/20. Suppose 5*v - k = 9. What is the remainder when 34 is divided by v?
16
Let o(z) = 18*z**3. Let y(b) = b + 2. Let l be y(0). Let q = l - 1. Calculate the remainder when 53 is divided by o(q).
17
Let o(j) = -j**3 + 7*j**2 + 4*j + 35. Suppose 10 = 3*v + 4*h, -2*v + 1 = 3*h - 4. What is the remainder when v is divided by o(8)?
1
Suppose 5*z - 8 = -f, -3*z = -0*z + 2*f - 2. What is the remainder when z is divided by 2?
0
Let b be -2*3/12*-14. What is the remainder when 26 is divided by b*(-1 + 0 - -2)?
5
Let a(v) = v**2 + 5*v + 5. Let n be a(-5). Suppose 0 = -u + n*u - 60. Let x = -1 - -10. What is the remainder when u is divided by x?
6
Suppose 3*z - 2*q = 48, 0*z + 4*z - 63 = 3*q. Let p be 2/(-10) - 99/5. Let s = p + 73. Calculate the remainder when s is divided by z.
17
Suppose 48 = 4*m - 4*z, 4*z - 3 = -2*m + 3. Suppose 3*b = p - m, -3*p - 26 = -8*p - 4*b. Calculate the remainder when 17 is divided by p.
5
Suppose 0 = 4*u - 6*u + 4. Calculate the remainder when 23 is divided by u*(4 - 2/(-1)).
11
Let d(x) = -x - 7. Let l be d(-8). Let a = l - -1. Calculate the remainder when a - 34*1/(-1) is divided by 13.
10
Let i = -40 + 85. What is the remainder when 267 is divided by i?
42
Suppose -5*g = 2*s - 10, 2*s + 34 = 5*s - 2*g. What is the remainder when 54/s*(-70)/(-21) is divided by 10?
8
Let d = 1 + 1. Let g(t) = d + 1 - 6*t - 8. Calculate the remainder when g(-4) is divided by 10.
9
Let j(m) = m**3 + 7*m**2 + 5*m + 3. Let a be (-95)/25 + (-1)/5. Calculate the remainder when j(a) is divided by ((-16)/6)/((-2)/6).
7
Let u(b) = -3*b - 12. Let m = -19 - -36. What is the remainder when m is divided by u(-7)?
8
Let v(w) = 2*w + 1. Let p be v(1). Let b = 4 - p. Let y(h) = h**3 + 2*h**2 + 2. Calculate the remainder when y(-2) is divided by b.
0
Let w(s) = s**3 + 8*s**2 - 25*s - 23. What is the remainder when w(-10) is divided by 14?
13
Let c(t) = t**3 + 7*t**2 + 3*t - 6. Let m = -23 - -13. Let o = m + 45. What is the remainder when o is divided by c(-6)?
11
Suppose 5*z + 10 = 7*z. Let h(u) = u**3 - 3*u**2 - 3*u + 6. What is the remainder when h(z) is divided by 11?
8
Let l(w) = 13*w**2 + 2*w - 5. Calculate the remainder when l(-3) is divided by 36.
34
Let u(h) = h**2 - 7*h + 5. Calculate the remainder when u(8) is divided by 7.
6
Let h be 2/(-4) + (-1)/(-2). Suppose -4*b - 58 = -5*b + 5*v, -2*b - 5*v + 71 = h. Calculate the remainder when b is divided by 11.
10
Suppose -5*i + 530 - 70 = 0. Suppose 4*k - i = 4*c, -2*k - 90 = -6*k + 2*c. What is the remainder when k is divided by 8?
6
Suppose 4*y + x = 80, 0 = -5*y - 0*y - 4*x + 100. What is the remainder when 76 is divided by y?
16
Suppose 53 + 15 = 4*a. Calculate the remainder when 83 is divided by a.
15
Suppose b + 0*b + 5*k + 5 = 0, -35 = -2*b + 5*k. Suppose -9*m = -13*m + 68. Calculate the remainder when m is divided by b.
7
Suppose 0*t - t + 71 = 0. Let y = t + -35. Let p = 22 + y. What is the remainder when p is divided by 20?
18
Let h(w) = -4*w**3 + w**2 - 1. Let u = -2 - -1. What is the remainder when h(u) is divided by 1/((4/(-3))/(-4))?
1
Let o be -2 - (1 + (-1 - 10)). Let y = o - -6. Let j = 10 + 31. Calculate the remainder when j is divided by y.
13
Suppose -k - 9 = m, 0*m + m = -4*k - 27. Let v be (k/12)/((-2)/20). Calculate the remainder when 10 is divided by v - (1 + 1*-2).
4
Let p(j) = j**3 - 10*j**2 + 10*j - 5. Let i be 2/5 - (-86)/10. Let a be p(i). Let u = -1 + a. What is the remainder 